984893 and 84.
21
What is the greatest common divisor of 9044 and 8803004?
532
Calculate the greatest common factor of 54 and 4343247.
27
Calculate the greatest common factor of 148006308 and 8636.
508
What is the highest common factor of 98832069 and 11655?
2331
What is the greatest common divisor of 1383798 and 546?
78
Calculate the greatest common factor of 121658 and 118.
118
What is the greatest common factor of 97052 and 1976?
76
Calculate the highest common factor of 3143 and 835704842.
3143
What is the highest common divisor of 117825 and 393150?
75
What is the greatest common divisor of 27067144 and 502814?
6058
What is the highest common divisor of 265307 and 955679?
151
What is the greatest common divisor of 927 and 616030743?
309
Calculate the highest common factor of 546754110 and 12180.
6090
What is the greatest common factor of 13710 and 3344326?
914
What is the greatest common factor of 107627 and 14875?
17
What is the highest common factor of 150 and 13224975?
75
Calculate the highest common factor of 891988 and 21452.
692
What is the greatest common divisor of 6290353 and 5238?
97
What is the greatest common factor of 1408405 and 32338?
851
Calculate the highest common factor of 14877 and 9440283.
1653
Calculate the highest common factor of 29518637 and 37.
37
Calculate the greatest common divisor of 1371 and 35210479.
457
What is the highest common divisor of 1625109 and 94089?
237
What is the highest common factor of 2314 and 37309246?
26
Calculate the highest common factor of 8503918 and 1642.
1642
What is the greatest common factor of 208593564 and 1348?
1348
Calculate the greatest common factor of 3071 and 798294.
83
What is the greatest common divisor of 7529785 and 3423?
163
Calculate the highest common divisor of 70344 and 27288.
72
Calculate the greatest common divisor of 311544 and 29160.
72
What is the highest common factor of 628 and 1404460927?
157
Calculate the highest common divisor of 168344827 and 14.
7
Calculate the greatest common divisor of 777 and 139021617.
777
Calculate the highest common divisor of 111959995 and 3495.
1165
What is the highest common divisor of 4246 and 236574382?
4246
Calculate the greatest common factor of 1984 and 798019856.
496
What is the highest common factor of 640 and 15482560?
320
What is the highest common factor of 634 and 9655186?
634
Calculate the highest common factor of 43663893 and 6391.
581
Calculate the greatest common factor of 27327894 and 2214.
246
What is the highest common factor of 33 and 270301251?
33
What is the greatest common factor of 1271509 and 767?
59
What is the greatest common divisor of 1836438808 and 584?
584
Calculate the greatest common factor of 397239 and 111129.
51
Calculate the greatest common factor of 18882 and 7488.
18
Calculate the highest common divisor of 22913 and 45683.
11
What is the highest common divisor of 872605416 and 5496?
5496
Calculate the greatest common factor of 158 and 361030.
158
Calculate the greatest common factor of 2192 and 3310576.
16
Calculate the highest common divisor of 391 and 654406143.
391
Calculate the highest common factor of 827288 and 4973129.
9401
Calculate the highest common divisor of 410515 and 5005.
35
Calculate the greatest common divisor of 3679005 and 1089.
363
Calculate the greatest common factor of 327816880 and 304.
304
What is the greatest common factor of 196 and 413711165?
49
What is the highest common factor of 11297805 and 15?
15
Calculate the highest common divisor of 4494 and 26929974.
642
What is the greatest common divisor of 15397558 and 12971?
109
What is the highest common divisor of 4284 and 6017949?
1071
Calculate the greatest common divisor of 554872 and 14749.
43
What is the highest common factor of 25222235 and 5?
5
Calculate the greatest common divisor of 508 and 1078216792.
508
What is the greatest common divisor of 207138 and 82318?
158
What is the greatest common divisor of 108184115 and 4810?
2405
Calculate the greatest common divisor of 15352 and 1599032.
808
Calculate the highest common divisor of 6327821 and 553.
79
What is the greatest common divisor of 8680 and 139700260?
4340
What is the greatest common divisor of 9 and 242151282?
9
Calculate the greatest common divisor of 1360 and 4410820.
340
Calculate the highest common divisor of 5049 and 28993602.
561
Calculate the greatest common factor of 2483 and 109583576.
191
Calculate the greatest common divisor of 147165465 and 111.
111
What is the highest common factor of 520 and 1200095?
65
What is the highest common factor of 5478 and 1049862?
66
What is the greatest common divisor of 536 and 973443?
67
Calculate the highest common divisor of 18676 and 111724501.
4669
Calculate the greatest common divisor of 317 and 502631713.
317
What is the highest common factor of 112 and 15420664?
56
Calculate the highest common divisor of 40955304 and 2.
2
Calculate the greatest common factor of 25407 and 105980125.
941
What is the greatest common factor of 21564 and 30684?
12
Calculate the highest common factor of 2109 and 8272349.
37
Calculate the highest common divisor of 38086887 and 110751.
3819
What is the highest common factor of 16 and 179527784?
8
Calculate the highest common divisor of 80426208 and 1824.
96
What is the greatest common factor of 42891085 and 85?
85
Calculate the greatest common divisor of 128 and 21412288.
64
Calculate the highest common factor of 10265 and 2796186.
2053
Calculate the highest common factor of 177568399 and 13087.
569
Calculate the greatest common divisor of 9764673 and 12126.
141
Calculate the highest common factor of 29400136 and 536.
536
What is the greatest common divisor of 3050152 and 9800?
392
Calculate the highest common factor of 31870 and 82910.
10
What is the highest common factor of 116393 and 35551?
487
Calculate the greatest common divisor of 267900 and 34404.
564
Calculate the highest common factor of 67965 and 322644.
69
Calculate the highest common factor of 204 and 6555965748.
204
Calculate the greatest common factor of 4627800 and 24.
24
Calculate the greatest common factor of 4444182 and 2484.
18
Calculate the highest common divisor of 4755 and 26011435.
1585
Calculate the highest common divisor of 15957 and 41100307.
197
Calculate the highest common factor of 39132405 and 43035.
2265
Calculate the highest common factor of 26999 and 22190336.
1421
What is the highest common factor of 27151 and 249071?
19
What is the highest common divisor of 108868 and 79736204?
6404
What is the greatest common divisor of 150 and 9706425?
75
Calculate the greatest common factor of 987811 and 62656.
979
Calculate the greatest common factor of 3399489 and 1296.
81
Calculate the greatest common divisor of 22080 and 251232.
96
Calculate the greatest common divisor of 143698235 and 22515.
7505
What is the highest common factor of 41730 and 734172582?
8346
Calculate the highest common factor of 13332 and 36927418.
2222
Calculate the greatest common factor of 2686401 and 91461.
2127
Calculate the greatest common divisor of 322307 and 427831.
1147
What is the highest common factor of 84 and 132781116?
12
What is the greatest common factor of 42187251 and 50031?
5559
Calculate the greatest common factor of 869 and 1709165.
79
What is the greatest common divisor of 702 and 6231576?
78
Calculate the greatest common divisor of 1072497 and 40479.
393
Calculate the highest common factor of 224654504 and 8.
8
What is the highest common factor of 25922370 and 285?
15
What is the greatest common divisor of 5733 and 24435957?
1911
What is the greatest common divisor of 32 and 6256144?
16
What is the highest common divisor of 1123360 and 12814328?
8024
What is the greatest common factor of 6040 and 8232218?
302
What is the greatest common factor of 745 and 1738855?
5
Calculate the highest common factor of 315 and 275632119.
63
What is the highest common factor of 42 and 3814322?
2
Calculate the highest common factor of 3408 and 194424.
24
What is the highest common factor of 414824260 and 10300?
2060
Calculate the highest common divisor of 1050 and 54836250.
1050
What is the highest common factor of 989235 and 2903979?
741
Calculate the greatest common factor of 22010436 and 6244.
28
What is the highest